[INFO] cloning repository https://github.com/claynathaniel/yew-mui
[INFO] running `Command { std: "git" "-c" "credential.helper=" "-c" "credential.helper=/workspace/cargo-home/bin/git-credential-null" "clone" "--bare" "https://github.com/claynathaniel/yew-mui" "/workspace/cache/git-repos/https%3A%2F%2Fgithub.com%2Fclaynathaniel%2Fyew-mui", kill_on_drop: false }`
[INFO] [stderr] Cloning into bare repository '/workspace/cache/git-repos/https%3A%2F%2Fgithub.com%2Fclaynathaniel%2Fyew-mui'...
[INFO] running `Command { std: "git" "rev-parse" "HEAD", kill_on_drop: false }`
[INFO] [stdout] 2a0e9ab574b586ac91936dbe237871b65eac301a
[INFO] checking claynathaniel/yew-mui against master#9610dfe5a9a731ced1ea4923ecbd0c57fe367898 for beta-170-4
[INFO] running `Command { std: "git" "clone" "/workspace/cache/git-repos/https%3A%2F%2Fgithub.com%2Fclaynathaniel%2Fyew-mui" "/workspace/builds/worker-1-tc1/source", kill_on_drop: false }`
[INFO] [stderr] Cloning into '/workspace/builds/worker-1-tc1/source'...
[INFO] [stderr] done.
[INFO] validating manifest of git repo https://github.com/claynathaniel/yew-mui on toolchain 9610dfe5a9a731ced1ea4923ecbd0c57fe367898
[INFO] running `Command { std: CARGO_HOME="/workspace/cargo-home" RUSTUP_HOME="/workspace/rustup-home" "/workspace/cargo-home/bin/cargo" "+9610dfe5a9a731ced1ea4923ecbd0c57fe367898" "metadata" "--manifest-path" "Cargo.toml" "--no-deps", kill_on_drop: false }`
[INFO] started tweaking git repo https://github.com/claynathaniel/yew-mui
[INFO] finished tweaking git repo https://github.com/claynathaniel/yew-mui
[INFO] tweaked toml for git repo https://github.com/claynathaniel/yew-mui written to /workspace/builds/worker-1-tc1/source/Cargo.toml
[INFO] crate git repo https://github.com/claynathaniel/yew-mui already has a lockfile, it will not be regenerated
[INFO] running `Command { std: CARGO_HOME="/workspace/cargo-home" RUSTUP_HOME="/workspace/rustup-home" "/workspace/cargo-home/bin/cargo" "+9610dfe5a9a731ced1ea4923ecbd0c57fe367898" "fetch" "--manifest-path" "Cargo.toml", kill_on_drop: false }`
[INFO] [stderr]     Updating crates.io index
[INFO] [stderr]     Updating git repository `https://github.com/yewstack/yew/`
[INFO] [stderr]  Downloading crates ...
[INFO] [stderr]   Downloaded gloo-net v0.2.4
[INFO] [stderr]   Downloaded gloo-history v0.1.0
[INFO] [stderr]   Downloaded implicit-clone v0.3.2
[INFO] [stderr]   Downloaded gloo-utils v0.1.5
[INFO] [stderr]   Downloaded prettyplease v0.1.19
[INFO] [stderr]   Downloaded malvolio v0.4.1
[INFO] [stderr]   Downloaded ammonia v3.2.1
[INFO] running `Command { std: "docker" "create" "-v" "/var/lib/crater-agent-workspace/builds/worker-1-tc1/target:/opt/rustwide/target:rw,Z" "-v" "/var/lib/crater-agent-workspace/builds/worker-1-tc1/source:/opt/rustwide/workdir:ro,Z" "-v" "/var/lib/crater-agent-workspace/cargo-home:/opt/rustwide/cargo-home:ro,Z" "-v" "/var/lib/crater-agent-workspace/rustup-home:/opt/rustwide/rustup-home:ro,Z" "-e" "SOURCE_DIR=/opt/rustwide/workdir" "-e" "CARGO_TARGET_DIR=/opt/rustwide/target" "-e" "CARGO_HOME=/opt/rustwide/cargo-home" "-e" "RUSTUP_HOME=/opt/rustwide/rustup-home" "-w" "/opt/rustwide/workdir" "-m" "1610612736" "--user" "0:0" "--network" "none" "ghcr.io/rust-lang/crates-build-env/linux@sha256:19e73879b68f455e41552ea35293514db52ea292d993f571636dbffedb77a1ee" "/opt/rustwide/cargo-home/bin/cargo" "+9610dfe5a9a731ced1ea4923ecbd0c57fe367898" "metadata" "--no-deps" "--format-version=1", kill_on_drop: false }`
[INFO] [stdout] 237e3484658a5db108840c81d99e31c16a6cae8408c0fd55c47d9301b2ab8d4f
[INFO] running `Command { std: "docker" "start" "-a" "237e3484658a5db108840c81d99e31c16a6cae8408c0fd55c47d9301b2ab8d4f", kill_on_drop: false }`
[INFO] running `Command { std: "docker" "inspect" "237e3484658a5db108840c81d99e31c16a6cae8408c0fd55c47d9301b2ab8d4f", kill_on_drop: false }`
[INFO] running `Command { std: "docker" "rm" "-f" "237e3484658a5db108840c81d99e31c16a6cae8408c0fd55c47d9301b2ab8d4f", kill_on_drop: false }`
[INFO] [stdout] 237e3484658a5db108840c81d99e31c16a6cae8408c0fd55c47d9301b2ab8d4f
[INFO] running `Command { std: "docker" "create" "-v" "/var/lib/crater-agent-workspace/builds/worker-1-tc1/target:/opt/rustwide/target:rw,Z" "-v" "/var/lib/crater-agent-workspace/builds/worker-1-tc1/source:/opt/rustwide/workdir:ro,Z" "-v" "/var/lib/crater-agent-workspace/cargo-home:/opt/rustwide/cargo-home:ro,Z" "-v" "/var/lib/crater-agent-workspace/rustup-home:/opt/rustwide/rustup-home:ro,Z" "-e" "SOURCE_DIR=/opt/rustwide/workdir" "-e" "CARGO_TARGET_DIR=/opt/rustwide/target" "-e" "CARGO_INCREMENTAL=0" "-e" "RUST_BACKTRACE=full" "-e" "RUSTFLAGS=--cap-lints=forbid" "-e" "RUSTDOCFLAGS=--cap-lints=forbid" "-e" "CARGO_HOME=/opt/rustwide/cargo-home" "-e" "RUSTUP_HOME=/opt/rustwide/rustup-home" "-w" "/opt/rustwide/workdir" "-m" "1610612736" "--user" "0:0" "--network" "none" "ghcr.io/rust-lang/crates-build-env/linux@sha256:19e73879b68f455e41552ea35293514db52ea292d993f571636dbffedb77a1ee" "/opt/rustwide/cargo-home/bin/cargo" "+9610dfe5a9a731ced1ea4923ecbd0c57fe367898" "check" "--frozen" "--all" "--all-targets" "--message-format=json", kill_on_drop: false }`
[INFO] [stdout] f8102e15fca829dd43c5da713854fa708b85c21d1ada38d86ff7768d442191a2
[INFO] running `Command { std: "docker" "start" "-a" "f8102e15fca829dd43c5da713854fa708b85c21d1ada38d86ff7768d442191a2", kill_on_drop: false }`
[INFO] [stderr]    Compiling proc-macro2 v1.0.43
[INFO] [stderr]    Compiling unicode-ident v1.0.3
[INFO] [stderr]    Compiling quote v1.0.21
[INFO] [stderr]    Compiling syn v1.0.99
[INFO] [stderr]    Compiling cfg-if v1.0.0
[INFO] [stderr]    Compiling serde_derive v1.0.144
[INFO] [stderr]    Compiling serde v1.0.144
[INFO] [stderr]    Compiling log v0.4.17
[INFO] [stderr]    Compiling wasm-bindgen-shared v0.2.82
[INFO] [stderr]    Compiling once_cell v1.14.0
[INFO] [stderr]    Compiling bumpalo v3.11.0
[INFO] [stderr]     Checking ryu v1.0.11
[INFO] [stderr]    Compiling serde_json v1.0.85
[INFO] [stderr]     Checking itoa v1.0.3
[INFO] [stderr]    Compiling wasm-bindgen v0.2.82
[INFO] [stderr]    Compiling autocfg v1.1.0
[INFO] [stderr]    Compiling libc v0.2.132
[INFO] [stderr]    Compiling ppv-lite86 v0.2.16
[INFO] [stderr]    Compiling siphasher v0.3.10
[INFO] [stderr]    Compiling futures-core v0.3.24
[INFO] [stderr]    Compiling phf_shared v0.10.0
[INFO] [stderr]    Compiling version_check v0.9.4
[INFO] [stderr]     Checking percent-encoding v2.2.0
[INFO] [stderr]    Compiling parking_lot_core v0.9.3
[INFO] [stderr]    Compiling futures-channel v0.3.24
[INFO] [stderr]     Checking new_debug_unreachable v1.0.4
[INFO] [stderr]     Checking smallvec v1.9.0
[INFO] [stderr]     Checking scopeguard v1.1.0
[INFO] [stderr]    Compiling lock_api v0.4.8
[INFO] [stderr]     Checking form_urlencoded v1.1.0
[INFO] [stderr]     Checking futures-sink v0.3.24
[INFO] [stderr]     Checking mac v0.1.1
[INFO] [stderr]     Checking tinyvec_macros v0.1.0
[INFO] [stderr]     Checking futf v0.1.5
[INFO] [stderr]    Compiling slab v0.4.7
[INFO] [stderr]     Checking tinyvec v1.6.0
[INFO] [stderr]    Compiling memchr v2.5.0
[INFO] [stderr]    Compiling futures-task v0.3.24
[INFO] [stderr]     Checking precomputed-hash v0.1.1
[INFO] [stderr]     Checking utf-8 v0.7.6
[INFO] [stderr]    Compiling indexmap v1.9.1
[INFO] [stderr]    Compiling futures-util v0.3.24
[INFO] [stderr]    Compiling proc-macro-error-attr v1.0.4
[INFO] [stderr]     Checking tendril v0.4.3
[INFO] [stderr]     Checking phf v0.10.1
[INFO] [stderr]    Compiling proc-macro-error v1.0.4
[INFO] [stderr]    Compiling prettyplease v0.1.19
[INFO] [stderr]     Checking pin-project-lite v0.2.9
[INFO] [stderr]     Checking unicode-bidi v0.3.8
[INFO] [stderr]     Checking fnv v1.0.7
[INFO] [stderr]     Checking futures-io v0.3.24
[INFO] [stderr]     Checking anymap2 v0.13.0
[INFO] [stderr]     Checking hashbrown v0.12.3
[INFO] [stderr]     Checking pin-utils v0.1.0
[INFO] [stderr]     Checking tracing-core v0.1.29
[INFO] [stderr]    Compiling boolinator v2.4.0
[INFO] [stderr]     Checking maplit v1.0.2
[INFO] [stderr]    Compiling getrandom v0.2.7
[INFO] [stderr]     Checking parking_lot v0.12.1
[INFO] [stderr]    Compiling rand_core v0.6.3
[INFO] [stderr]     Checking unicode-normalization v0.1.21
[INFO] [stderr]    Compiling rand_chacha v0.3.1
[INFO] [stderr]    Compiling rand v0.8.5
[INFO] [stderr]     Checking idna v0.3.0
[INFO] [stderr]     Checking implicit-clone v0.3.2
[INFO] [stderr]     Checking url v2.3.1
[INFO] [stderr]    Compiling phf_generator v0.10.0
[INFO] [stderr]    Compiling phf_codegen v0.10.0
[INFO] [stderr]    Compiling string_cache_codegen v0.5.2
[INFO] [stderr]    Compiling markup5ever v0.11.0
[INFO] [stderr]    Compiling wasm-bindgen-backend v0.2.82
[INFO] [stderr]    Compiling wasm-bindgen-macro-support v0.2.82
[INFO] [stderr]    Compiling thiserror-impl v1.0.34
[INFO] [stderr]    Compiling pin-project-internal v1.0.12
[INFO] [stderr]    Compiling html5ever v0.26.0
[INFO] [stderr]    Compiling futures-macro v0.3.24
[INFO] [stderr]    Compiling tracing-attributes v0.1.22
[INFO] [stderr]    Compiling yew-macro v0.19.3 (https://github.com/yewstack/yew/#e9ef79f0)
[INFO] [stderr]    Compiling wasm-bindgen-macro v0.2.82
[INFO] [stderr]     Checking pin-project v1.0.12
[INFO] [stderr]     Checking thiserror v1.0.34
[INFO] [stderr]     Checking tracing v0.1.36
[INFO] [stderr]     Checking futures v0.3.24
[INFO] [stderr]     Checking string_cache v0.8.4
[INFO] [stderr]     Checking serde_urlencoded v0.7.1
[INFO] [stderr]     Checking bincode v1.3.3
[INFO] [stderr]     Checking js-sys v0.3.59
[INFO] [stderr]     Checking console_error_panic_hook v0.1.7
[INFO] [stderr]     Checking ammonia v3.2.1
[INFO] [stderr]     Checking malvolio v0.4.1
[INFO] [stderr]     Checking web-sys v0.3.59
[INFO] [stderr]     Checking wasm-bindgen-futures v0.4.32
[INFO] [stderr]     Checking serde-wasm-bindgen v0.3.1
[INFO] [stderr]     Checking gloo-timers v0.2.4
[INFO] [stderr]     Checking gloo-utils v0.1.5
[INFO] [stderr]     Checking gloo-events v0.1.2
[INFO] [stderr]     Checking gloo-render v0.1.1
[INFO] [stderr]     Checking gloo-dialogs v0.1.1
[INFO] [stderr]     Checking gloo-console v0.2.3
[INFO] [stderr]     Checking gloo-net v0.2.4
[INFO] [stderr]     Checking gloo-storage v0.2.2
[INFO] [stderr]     Checking gloo-history v0.1.0
[INFO] [stderr]     Checking gloo-file v0.2.3
[INFO] [stderr]     Checking gloo-worker v0.2.1
[INFO] [stderr]     Checking gloo v0.8.0
[INFO] [stderr]     Checking yew v0.19.3 (https://github.com/yewstack/yew/#e9ef79f0)
[INFO] [stderr]     Checking yew-mui v0.1.0 (/opt/rustwide/workdir)
[INFO] [stdout] error: expected one of `!`, `+`, `::`, `:`, `==`, or `=`, found `,`
[INFO] [stdout]    --> src/Accordian.rs:47:34
[INFO] [stdout]     |
[INFO] [stdout] 28  | impl Accordian {
[INFO] [stdout]     |                - while parsing this item list starting here
[INFO] [stdout] ...
[INFO] [stdout] 47  |         where Into<AccordianAttr>,
[INFO] [stdout]     |                                  ^ expected one of `!`, `+`, `::`, `:`, `==`, or `=`
[INFO] [stdout] ...
[INFO] [stdout] 123 | }
[INFO] [stdout]     | - the item list ends here
[INFO] [stdout] 
[INFO] [stdout] 
[INFO] [stdout] error: expected one of `!`, `+`, `::`, `:`, `==`, or `=`, found `,`
[INFO] [stdout]    --> src/Accordian.rs:47:34
[INFO] [stdout]     |
[INFO] [stdout] 28  | impl Accordian {
[INFO] [stdout]     |                - while parsing this item list starting here
[INFO] [stdout] ...
[INFO] [stdout] 47  |         where Into<AccordianAttr>,
[INFO] [stdout]     |                                  ^ expected one of `!`, `+`, `::`, `:`, `==`, or `=`
[INFO] [stdout] ...
[INFO] [stdout] 123 | }
[INFO] [stdout]     | - the item list ends here
[INFO] [stdout] 
[INFO] [stdout] 
[INFO] [stdout] error[E0412]: cannot find type `Autocomplete` in this scope
[INFO] [stdout]  --> src/BodyNode.rs:7:22
[INFO] [stdout]   |
[INFO] [stdout] 7 |         Autocomplete(Autocomplete),
[INFO] [stdout]   |                      ^^^^^^^^^^^^ not found in this scope
[INFO] [stdout]   |
[INFO] [stdout] help: there is an enum variant `crate::BodyNode::YewMuiBodyNode::Autocomplete`; try using the variant's enum
[INFO] [stdout]   |
[INFO] [stdout] 7 |         Autocomplete(crate::BodyNode::YewMuiBodyNode),
[INFO] [stdout]   |                      ~~~~~~~~~~~~~~~~~~~~~~~~~~~~~~~
[INFO] [stdout] 
[INFO] [stdout] 
[INFO] [stdout] error[E0412]: cannot find type `Button` in this scope
[INFO] [stdout]  --> src/BodyNode.rs:8:16
[INFO] [stdout]   |
[INFO] [stdout] 8 |         Button(Button),
[INFO] [stdout]   |                ^^^^^^ not found in this scope
[INFO] [stdout]   |
[INFO] [stdout] help: there is an enum variant `crate::BodyNode::YewMuiBodyNode::Button`; try using the variant's enum
[INFO] [stdout]   |
[INFO] [stdout] 8 |         Button(crate::BodyNode::YewMuiBodyNode),
[INFO] [stdout]   |                ~~~~~~~~~~~~~~~~~~~~~~~~~~~~~~~
[INFO] [stdout] 
[INFO] [stdout] 
[INFO] [stdout] error[E0412]: cannot find type `ButtonGroup` in this scope
[INFO] [stdout]  --> src/BodyNode.rs:9:21
[INFO] [stdout]   |
[INFO] [stdout] 9 |         ButtonGroup(ButtonGroup),
[INFO] [stdout]   |                     ^^^^^^^^^^^ not found in this scope
[INFO] [stdout]   |
[INFO] [stdout] help: there is an enum variant `crate::BodyNode::YewMuiBodyNode::ButtonGroup`; try using the variant's enum
[INFO] [stdout]   |
[INFO] [stdout] 9 |         ButtonGroup(crate::BodyNode::YewMuiBodyNode),
[INFO] [stdout]   |                     ~~~~~~~~~~~~~~~~~~~~~~~~~~~~~~~
[INFO] [stdout] 
[INFO] [stdout] 
[INFO] [stdout] error[E0412]: cannot find type `Checkbox` in this scope
[INFO] [stdout]   --> src/BodyNode.rs:11:18
[INFO] [stdout]    |
[INFO] [stdout] 11 |         Checkbox(Checkbox),
[INFO] [stdout]    |                  ^^^^^^^^ not found in this scope
[INFO] [stdout]    |
[INFO] [stdout] help: there is an enum variant `crate::BodyNode::YewMuiBodyNode::Checkbox` and 1 other; try using the variant's enum
[INFO] [stdout]    |
[INFO] [stdout] 11 |         Checkbox(crate::BodyNode::YewMuiBodyNode),
[INFO] [stdout]    |                  ~~~~~~~~~~~~~~~~~~~~~~~~~~~~~~~
[INFO] [stdout] 11 |         Checkbox(malvolio::tags::input::Type),
[INFO] [stdout]    |                  ~~~~~~~~~~~~~~~~~~~~~~~~~~~
[INFO] [stdout] 
[INFO] [stdout] 
[INFO] [stdout] error[E0412]: cannot find type `FormGroup` in this scope
[INFO] [stdout]   --> src/BodyNode.rs:12:19
[INFO] [stdout]    |
[INFO] [stdout] 12 |         FormGroup(FormGroup),
[INFO] [stdout]    |                   ^^^^^^^^^ not found in this scope
[INFO] [stdout]    |
[INFO] [stdout] help: there is an enum variant `crate::BodyNode::YewMuiBodyNode::FormGroup`; try using the variant's enum
[INFO] [stdout]    |
[INFO] [stdout] 12 |         FormGroup(crate::BodyNode::YewMuiBodyNode),
[INFO] [stdout]    |                   ~~~~~~~~~~~~~~~~~~~~~~~~~~~~~~~
[INFO] [stdout] 
[INFO] [stdout] 
[INFO] [stdout] error[E0412]: cannot find type `Autocomplete` in this scope
[INFO] [stdout]  --> src/BodyNode.rs:7:22
[INFO] [stdout]   |
[INFO] [stdout] 7 |         Autocomplete(Autocomplete),
[INFO] [stdout]   |                      ^^^^^^^^^^^^ not found in this scope
[INFO] [stdout]   |
[INFO] [stdout] help: there is an enum variant `crate::BodyNode::YewMuiBodyNode::Autocomplete`; try using the variant's enum
[INFO] [stdout]   |
[INFO] [stdout] 7 |         Autocomplete(crate::BodyNode::YewMuiBodyNode),
[INFO] [stdout]   |                      ~~~~~~~~~~~~~~~~~~~~~~~~~~~~~~~
[INFO] [stdout] 
[INFO] [stdout] 
[INFO] [stdout] error[E0412]: cannot find type `FormLable` in this scope
[INFO] [stdout]   --> src/BodyNode.rs:13:19
[INFO] [stdout]    |
[INFO] [stdout] 13 |         FormLable(FormLable),
[INFO] [stdout]    |                   ^^^^^^^^^ not found in this scope
[INFO] [stdout]    |
[INFO] [stdout] help: there is an enum variant `crate::BodyNode::YewMuiBodyNode::FormLable`; try using the variant's enum
[INFO] [stdout]    |
[INFO] [stdout] 13 |         FormLable(crate::BodyNode::YewMuiBodyNode),
[INFO] [stdout]    |                   ~~~~~~~~~~~~~~~~~~~~~~~~~~~~~~~
[INFO] [stdout] 
[INFO] [stdout] 
[INFO] [stdout] error[E0412]: cannot find type `FormControlLable` in this scope
[INFO] [stdout]   --> src/BodyNode.rs:14:26
[INFO] [stdout]    |
[INFO] [stdout] 14 |         FormControlLable(FormControlLable),
[INFO] [stdout]    |                          ^^^^^^^^^^^^^^^^ not found in this scope
[INFO] [stdout]    |
[INFO] [stdout] help: there is an enum variant `crate::BodyNode::YewMuiBodyNode::FormControlLable`; try using the variant's enum
[INFO] [stdout]    |
[INFO] [stdout] 14 |         FormControlLable(crate::BodyNode::YewMuiBodyNode),
[INFO] [stdout]    |                          ~~~~~~~~~~~~~~~~~~~~~~~~~~~~~~~
[INFO] [stdout] 
[INFO] [stdout] 
[INFO] [stdout] error[E0412]: cannot find type `Button` in this scope
[INFO] [stdout]  --> src/BodyNode.rs:8:16
[INFO] [stdout]   |
[INFO] [stdout] 8 |         Button(Button),
[INFO] [stdout]   |                ^^^^^^ not found in this scope
[INFO] [stdout]   |
[INFO] [stdout] help: there is an enum variant `crate::BodyNode::YewMuiBodyNode::Button`; try using the variant's enum
[INFO] [stdout]   |
[INFO] [stdout] 8 |         Button(crate::BodyNode::YewMuiBodyNode),
[INFO] [stdout]   |                ~~~~~~~~~~~~~~~~~~~~~~~~~~~~~~~
[INFO] [stdout] 
[INFO] [stdout] 
[INFO] [stdout] error[E0412]: cannot find type `ButtonGroup` in this scope
[INFO] [stdout]  --> src/BodyNode.rs:9:21
[INFO] [stdout]   |
[INFO] [stdout] 9 |         ButtonGroup(ButtonGroup),
[INFO] [stdout]   |                     ^^^^^^^^^^^ not found in this scope
[INFO] [stdout]   |
[INFO] [stdout] help: there is an enum variant `crate::BodyNode::YewMuiBodyNode::ButtonGroup`; try using the variant's enum
[INFO] [stdout]   |
[INFO] [stdout] 9 |         ButtonGroup(crate::BodyNode::YewMuiBodyNode),
[INFO] [stdout]   |                     ~~~~~~~~~~~~~~~~~~~~~~~~~~~~~~~
[INFO] [stdout] 
[INFO] [stdout] 
[INFO] [stdout] error[E0412]: cannot find type `Fab` in this scope
[INFO] [stdout]   --> src/BodyNode.rs:15:13
[INFO] [stdout]    |
[INFO] [stdout] 15 |         Fab(Fab),
[INFO] [stdout]    |             ^^^ not found in this scope
[INFO] [stdout]    |
[INFO] [stdout] help: there is an enum variant `crate::BodyNode::YewMuiBodyNode::Fab`; try using the variant's enum
[INFO] [stdout]    |
[INFO] [stdout] 15 |         Fab(crate::BodyNode::YewMuiBodyNode),
[INFO] [stdout]    |             ~~~~~~~~~~~~~~~~~~~~~~~~~~~~~~~
[INFO] [stdout] 
[INFO] [stdout] 
[INFO] [stdout] error[E0412]: cannot find type `Radio` in this scope
[INFO] [stdout]   --> src/BodyNode.rs:16:15
[INFO] [stdout]    |
[INFO] [stdout] 16 |         Radio(Radio),
[INFO] [stdout]    |               ^^^^^ not found in this scope
[INFO] [stdout]    |
[INFO] [stdout] help: there is an enum variant `crate::BodyNode::YewMuiBodyNode::Radio`; try using the variant's enum
[INFO] [stdout]    |
[INFO] [stdout] 16 |         Radio(crate::BodyNode::YewMuiBodyNode),
[INFO] [stdout]    |               ~~~~~~~~~~~~~~~~~~~~~~~~~~~~~~~
[INFO] [stdout] 
[INFO] [stdout] 
[INFO] [stdout] error[E0412]: cannot find type `Checkbox` in this scope
[INFO] [stdout]   --> src/BodyNode.rs:11:18
[INFO] [stdout]    |
[INFO] [stdout] 11 |         Checkbox(Checkbox),
[INFO] [stdout]    |                  ^^^^^^^^ not found in this scope
[INFO] [stdout]    |
[INFO] [stdout] help: there is an enum variant `crate::BodyNode::YewMuiBodyNode::Checkbox` and 1 other; try using the variant's enum
[INFO] [stdout]    |
[INFO] [stdout] 11 |         Checkbox(crate::BodyNode::YewMuiBodyNode),
[INFO] [stdout]    |                  ~~~~~~~~~~~~~~~~~~~~~~~~~~~~~~~
[INFO] [stdout] 11 |         Checkbox(malvolio::tags::input::Type),
[INFO] [stdout]    |                  ~~~~~~~~~~~~~~~~~~~~~~~~~~~
[INFO] [stdout] 
[INFO] [stdout] 
[INFO] [stdout] error[E0412]: cannot find type `RadioGroup` in this scope
[INFO] [stdout]   --> src/BodyNode.rs:17:20
[INFO] [stdout]    |
[INFO] [stdout] 17 |         RadioGroup(RadioGroup),
[INFO] [stdout]    |                    ^^^^^^^^^^ not found in this scope
[INFO] [stdout]    |
[INFO] [stdout] help: there is an enum variant `crate::BodyNode::YewMuiBodyNode::RadioGroup`; try using the variant's enum
[INFO] [stdout]    |
[INFO] [stdout] 17 |         RadioGroup(crate::BodyNode::YewMuiBodyNode),
[INFO] [stdout]    |                    ~~~~~~~~~~~~~~~~~~~~~~~~~~~~~~~
[INFO] [stdout] 
[INFO] [stdout] 
[INFO] [stdout] error[E0412]: cannot find type `FormGroup` in this scope
[INFO] [stdout]   --> src/BodyNode.rs:12:19
[INFO] [stdout]    |
[INFO] [stdout] 12 |         FormGroup(FormGroup),
[INFO] [stdout]    |                   ^^^^^^^^^ not found in this scope
[INFO] [stdout]    |
[INFO] [stdout] help: there is an enum variant `crate::BodyNode::YewMuiBodyNode::FormGroup`; try using the variant's enum
[INFO] [stdout]    |
[INFO] [stdout] 12 |         FormGroup(crate::BodyNode::YewMuiBodyNode),
[INFO] [stdout]    |                   ~~~~~~~~~~~~~~~~~~~~~~~~~~~~~~~
[INFO] [stdout] 
[INFO] [stdout] 
[INFO] [stdout] error[E0412]: cannot find type `Rating` in this scope
[INFO] [stdout]   --> src/BodyNode.rs:18:16
[INFO] [stdout]    |
[INFO] [stdout] 18 |         Rating(Rating),
[INFO] [stdout]    |                ^^^^^^ not found in this scope
[INFO] [stdout]    |
[INFO] [stdout] help: there is an enum variant `crate::BodyNode::YewMuiBodyNode::Rating`; try using the variant's enum
[INFO] [stdout]    |
[INFO] [stdout] 18 |         Rating(crate::BodyNode::YewMuiBodyNode),
[INFO] [stdout]    |                ~~~~~~~~~~~~~~~~~~~~~~~~~~~~~~~
[INFO] [stdout] 
[INFO] [stdout] 
[INFO] [stdout] error[E0412]: cannot find type `Typography` in this scope
[INFO] [stdout]   --> src/BodyNode.rs:19:20
[INFO] [stdout]    |
[INFO] [stdout] 19 |         Typography(Typography),
[INFO] [stdout]    |                    ^^^^^^^^^^ not found in this scope
[INFO] [stdout]    |
[INFO] [stdout] help: there is an enum variant `crate::BodyNode::YewMuiBodyNode::Typography`; try using the variant's enum
[INFO] [stdout]    |
[INFO] [stdout] 19 |         Typography(crate::BodyNode::YewMuiBodyNode),
[INFO] [stdout]    |                    ~~~~~~~~~~~~~~~~~~~~~~~~~~~~~~~
[INFO] [stdout] 
[INFO] [stdout] 
[INFO] [stdout] error[E0412]: cannot find type `StyledRating` in this scope
[INFO] [stdout]   --> src/BodyNode.rs:20:22
[INFO] [stdout]    |
[INFO] [stdout] 20 |         StyledRating(StyledRating),
[INFO] [stdout]    |                      ^^^^^^^^^^^^ not found in this scope
[INFO] [stdout]    |
[INFO] [stdout] help: there is an enum variant `crate::BodyNode::YewMuiBodyNode::StyledRating`; try using the variant's enum
[INFO] [stdout]    |
[INFO] [stdout] 20 |         StyledRating(crate::BodyNode::YewMuiBodyNode),
[INFO] [stdout]    |                      ~~~~~~~~~~~~~~~~~~~~~~~~~~~~~~~
[INFO] [stdout] 
[INFO] [stdout] 
[INFO] [stdout] error[E0412]: cannot find type `InputLable` in this scope
[INFO] [stdout]   --> src/BodyNode.rs:21:20
[INFO] [stdout]    |
[INFO] [stdout] 21 |         InputLable(InputLable),
[INFO] [stdout]    |                    ^^^^^^^^^^ not found in this scope
[INFO] [stdout]    |
[INFO] [stdout] help: there is an enum variant `crate::BodyNode::YewMuiBodyNode::InputLable`; try using the variant's enum
[INFO] [stdout]    |
[INFO] [stdout] 21 |         InputLable(crate::BodyNode::YewMuiBodyNode),
[INFO] [stdout]    |                    ~~~~~~~~~~~~~~~~~~~~~~~~~~~~~~~
[INFO] [stdout] 
[INFO] [stdout] 
[INFO] [stdout] error[E0412]: cannot find type `FormLable` in this scope
[INFO] [stdout]   --> src/BodyNode.rs:13:19
[INFO] [stdout]    |
[INFO] [stdout] 13 |         FormLable(FormLable),
[INFO] [stdout]    |                   ^^^^^^^^^ not found in this scope
[INFO] [stdout]    |
[INFO] [stdout] help: there is an enum variant `crate::BodyNode::YewMuiBodyNode::FormLable`; try using the variant's enum
[INFO] [stdout]    |
[INFO] [stdout] 13 |         FormLable(crate::BodyNode::YewMuiBodyNode),
[INFO] [stdout]    |                   ~~~~~~~~~~~~~~~~~~~~~~~~~~~~~~~
[INFO] [stdout] 
[INFO] [stdout] 
[INFO] [stdout] error[E0412]: cannot find type `Stack` in this scope
[INFO] [stdout]   --> src/BodyNode.rs:22:15
[INFO] [stdout]    |
[INFO] [stdout] 22 |         Stack(Stack),
[INFO] [stdout]    |               ^^^^^ not found in this scope
[INFO] [stdout]    |
[INFO] [stdout] help: there is an enum variant `crate::BodyNode::YewMuiBodyNode::Stack`; try using the variant's enum
[INFO] [stdout]    |
[INFO] [stdout] 22 |         Stack(crate::BodyNode::YewMuiBodyNode),
[INFO] [stdout]    |               ~~~~~~~~~~~~~~~~~~~~~~~~~~~~~~~
[INFO] [stdout] 
[INFO] [stdout] 
[INFO] [stdout] error[E0412]: cannot find type `Slider` in this scope
[INFO] [stdout]   --> src/BodyNode.rs:23:16
[INFO] [stdout]    |
[INFO] [stdout] 23 |         Slider(Slider),
[INFO] [stdout]    |                ^^^^^^ not found in this scope
[INFO] [stdout]    |
[INFO] [stdout] help: there is an enum variant `crate::BodyNode::YewMuiBodyNode::Slider`; try using the variant's enum
[INFO] [stdout]    |
[INFO] [stdout] 23 |         Slider(crate::BodyNode::YewMuiBodyNode),
[INFO] [stdout]    |                ~~~~~~~~~~~~~~~~~~~~~~~~~~~~~~~
[INFO] [stdout] 
[INFO] [stdout] 
[INFO] [stdout] error[E0412]: cannot find type `FormControlLable` in this scope
[INFO] [stdout]   --> src/BodyNode.rs:14:26
[INFO] [stdout]    |
[INFO] [stdout] 14 |         FormControlLable(FormControlLable),
[INFO] [stdout]    |                          ^^^^^^^^^^^^^^^^ not found in this scope
[INFO] [stdout]    |
[INFO] [stdout] help: there is an enum variant `crate::BodyNode::YewMuiBodyNode::FormControlLable`; try using the variant's enum
[INFO] [stdout]    |
[INFO] [stdout] 14 |         FormControlLable(crate::BodyNode::YewMuiBodyNode),
[INFO] [stdout]    |                          ~~~~~~~~~~~~~~~~~~~~~~~~~~~~~~~
[INFO] [stdout] 
[INFO] [stdout] 
[INFO] [stdout] error[E0412]: cannot find type `Switch` in this scope
[INFO] [stdout]   --> src/BodyNode.rs:24:16
[INFO] [stdout]    |
[INFO] [stdout] 24 |         Switch(Switch),
[INFO] [stdout]    |                ^^^^^^ not found in this scope
[INFO] [stdout]    |
[INFO] [stdout] help: there is an enum variant `crate::BodyNode::YewMuiBodyNode::Switch`; try using the variant's enum
[INFO] [stdout]    |
[INFO] [stdout] 24 |         Switch(crate::BodyNode::YewMuiBodyNode),
[INFO] [stdout]    |                ~~~~~~~~~~~~~~~~~~~~~~~~~~~~~~~
[INFO] [stdout] 
[INFO] [stdout] 
[INFO] [stdout] error[E0412]: cannot find type `Fab` in this scope
[INFO] [stdout]   --> src/BodyNode.rs:15:13
[INFO] [stdout]    |
[INFO] [stdout] 15 |         Fab(Fab),
[INFO] [stdout]    |             ^^^ not found in this scope
[INFO] [stdout]    |
[INFO] [stdout] help: there is an enum variant `crate::BodyNode::YewMuiBodyNode::Fab`; try using the variant's enum
[INFO] [stdout]    |
[INFO] [stdout] 15 |         Fab(crate::BodyNode::YewMuiBodyNode),
[INFO] [stdout]    |             ~~~~~~~~~~~~~~~~~~~~~~~~~~~~~~~
[INFO] [stdout] 
[INFO] [stdout] 
[INFO] [stdout] warning: unused import: `malvolio::prelude::BodyNode`
[INFO] [stdout]  --> src/BodyNode.rs:1:5
[INFO] [stdout]   |
[INFO] [stdout] 1 | use malvolio::prelude::BodyNode;
[INFO] [stdout]   |     ^^^^^^^^^^^^^^^^^^^^^^^^^^^
[INFO] [stdout]   |
[INFO] [stdout]   = note: `#[warn(unused_imports)]` on by default
[INFO] [stdout] 
[INFO] [stdout] 
[INFO] [stdout] error[E0412]: cannot find type `Radio` in this scope
[INFO] [stdout]   --> src/BodyNode.rs:16:15
[INFO] [stdout]    |
[INFO] [stdout] 16 |         Radio(Radio),
[INFO] [stdout]    |               ^^^^^ not found in this scope
[INFO] [stdout]    |
[INFO] [stdout] help: there is an enum variant `crate::BodyNode::YewMuiBodyNode::Radio`; try using the variant's enum
[INFO] [stdout]    |
[INFO] [stdout] 16 |         Radio(crate::BodyNode::YewMuiBodyNode),
[INFO] [stdout]    |               ~~~~~~~~~~~~~~~~~~~~~~~~~~~~~~~
[INFO] [stdout] 
[INFO] [stdout] 
[INFO] [stdout] error[E0412]: cannot find type `RadioGroup` in this scope
[INFO] [stdout]   --> src/BodyNode.rs:17:20
[INFO] [stdout]    |
[INFO] [stdout] 17 |         RadioGroup(RadioGroup),
[INFO] [stdout]    |                    ^^^^^^^^^^ not found in this scope
[INFO] [stdout]    |
[INFO] [stdout] help: there is an enum variant `crate::BodyNode::YewMuiBodyNode::RadioGroup`; try using the variant's enum
[INFO] [stdout]    |
[INFO] [stdout] 17 |         RadioGroup(crate::BodyNode::YewMuiBodyNode),
[INFO] [stdout]    |                    ~~~~~~~~~~~~~~~~~~~~~~~~~~~~~~~
[INFO] [stdout] 
[INFO] [stdout] 
[INFO] [stdout] warning: unused imports: `Id`, `Style`, `attributes::IntoAttribute`, `into_attribute_for_grouping_enum`, `into_grouping_union`, `utility_enum`
[INFO] [stdout]  --> src/Accordian.rs:3:5
[INFO] [stdout]   |
[INFO] [stdout] 3 |     attributes::IntoAttribute,
[INFO] [stdout]   |     ^^^^^^^^^^^^^^^^^^^^^^^^^
[INFO] [stdout] 4 |     into_attribute_for_grouping_enum, into_grouping_union,
[INFO] [stdout]   |     ^^^^^^^^^^^^^^^^^^^^^^^^^^^^^^^^  ^^^^^^^^^^^^^^^^^^^
[INFO] [stdout] 5 |     prelude::{Id, Style},
[INFO] [stdout]   |               ^^  ^^^^^
[INFO] [stdout] 6 |     utility_enum,
[INFO] [stdout]   |     ^^^^^^^^^^^^
[INFO] [stdout] 
[INFO] [stdout] 
[INFO] [stdout] error[E0412]: cannot find type `Rating` in this scope
[INFO] [stdout]   --> src/BodyNode.rs:18:16
[INFO] [stdout]    |
[INFO] [stdout] 18 |         Rating(Rating),
[INFO] [stdout]    |                ^^^^^^ not found in this scope
[INFO] [stdout]    |
[INFO] [stdout] help: there is an enum variant `crate::BodyNode::YewMuiBodyNode::Rating`; try using the variant's enum
[INFO] [stdout]    |
[INFO] [stdout] 18 |         Rating(crate::BodyNode::YewMuiBodyNode),
[INFO] [stdout]    |                ~~~~~~~~~~~~~~~~~~~~~~~~~~~~~~~
[INFO] [stdout] 
[INFO] [stdout] 
[INFO] [stdout] error[E0412]: cannot find type `Typography` in this scope
[INFO] [stdout]   --> src/BodyNode.rs:19:20
[INFO] [stdout]    |
[INFO] [stdout] 19 |         Typography(Typography),
[INFO] [stdout]    |                    ^^^^^^^^^^ not found in this scope
[INFO] [stdout]    |
[INFO] [stdout] help: there is an enum variant `crate::BodyNode::YewMuiBodyNode::Typography`; try using the variant's enum
[INFO] [stdout]    |
[INFO] [stdout] 19 |         Typography(crate::BodyNode::YewMuiBodyNode),
[INFO] [stdout]    |                    ~~~~~~~~~~~~~~~~~~~~~~~~~~~~~~~
[INFO] [stdout] 
[INFO] [stdout] 
[INFO] [stdout] error[E0412]: cannot find type `StyledRating` in this scope
[INFO] [stdout]   --> src/BodyNode.rs:20:22
[INFO] [stdout]    |
[INFO] [stdout] 20 |         StyledRating(StyledRating),
[INFO] [stdout]    |                      ^^^^^^^^^^^^ not found in this scope
[INFO] [stdout]    |
[INFO] [stdout] help: there is an enum variant `crate::BodyNode::YewMuiBodyNode::StyledRating`; try using the variant's enum
[INFO] [stdout]    |
[INFO] [stdout] 20 |         StyledRating(crate::BodyNode::YewMuiBodyNode),
[INFO] [stdout]    |                      ~~~~~~~~~~~~~~~~~~~~~~~~~~~~~~~
[INFO] [stdout] 
[INFO] [stdout] 
[INFO] [stdout] error[E0412]: cannot find type `InputLable` in this scope
[INFO] [stdout]   --> src/BodyNode.rs:21:20
[INFO] [stdout]    |
[INFO] [stdout] 21 |         InputLable(InputLable),
[INFO] [stdout]    |                    ^^^^^^^^^^ not found in this scope
[INFO] [stdout]    |
[INFO] [stdout] help: there is an enum variant `crate::BodyNode::YewMuiBodyNode::InputLable`; try using the variant's enum
[INFO] [stdout]    |
[INFO] [stdout] 21 |         InputLable(crate::BodyNode::YewMuiBodyNode),
[INFO] [stdout]    |                    ~~~~~~~~~~~~~~~~~~~~~~~~~~~~~~~
[INFO] [stdout] 
[INFO] [stdout] 
[INFO] [stdout] error[E0412]: cannot find type `Stack` in this scope
[INFO] [stdout]   --> src/BodyNode.rs:22:15
[INFO] [stdout]    |
[INFO] [stdout] 22 |         Stack(Stack),
[INFO] [stdout]    |               ^^^^^ not found in this scope
[INFO] [stdout]    |
[INFO] [stdout] help: there is an enum variant `crate::BodyNode::YewMuiBodyNode::Stack`; try using the variant's enum
[INFO] [stdout]    |
[INFO] [stdout] 22 |         Stack(crate::BodyNode::YewMuiBodyNode),
[INFO] [stdout]    |               ~~~~~~~~~~~~~~~~~~~~~~~~~~~~~~~
[INFO] [stdout] 
[INFO] [stdout] 
[INFO] [stdout] error[E0412]: cannot find type `Slider` in this scope
[INFO] [stdout]   --> src/BodyNode.rs:23:16
[INFO] [stdout]    |
[INFO] [stdout] 23 |         Slider(Slider),
[INFO] [stdout]    |                ^^^^^^ not found in this scope
[INFO] [stdout]    |
[INFO] [stdout] help: there is an enum variant `crate::BodyNode::YewMuiBodyNode::Slider`; try using the variant's enum
[INFO] [stdout]    |
[INFO] [stdout] 23 |         Slider(crate::BodyNode::YewMuiBodyNode),
[INFO] [stdout]    |                ~~~~~~~~~~~~~~~~~~~~~~~~~~~~~~~
[INFO] [stdout] 
[INFO] [stdout] 
[INFO] [stdout] error[E0412]: cannot find type `Switch` in this scope
[INFO] [stdout]   --> src/BodyNode.rs:24:16
[INFO] [stdout]    |
[INFO] [stdout] 24 |         Switch(Switch),
[INFO] [stdout]    |                ^^^^^^ not found in this scope
[INFO] [stdout]    |
[INFO] [stdout] help: there is an enum variant `crate::BodyNode::YewMuiBodyNode::Switch`; try using the variant's enum
[INFO] [stdout]    |
[INFO] [stdout] 24 |         Switch(crate::BodyNode::YewMuiBodyNode),
[INFO] [stdout]    |                ~~~~~~~~~~~~~~~~~~~~~~~~~~~~~~~
[INFO] [stdout] 
[INFO] [stdout] 
[INFO] [stdout] warning: unused import: `malvolio::prelude::BodyNode`
[INFO] [stdout]  --> src/BodyNode.rs:1:5
[INFO] [stdout]   |
[INFO] [stdout] 1 | use malvolio::prelude::BodyNode;
[INFO] [stdout]   |     ^^^^^^^^^^^^^^^^^^^^^^^^^^^
[INFO] [stdout]   |
[INFO] [stdout]   = note: `#[warn(unused_imports)]` on by default
[INFO] [stdout] 
[INFO] [stdout] 
[INFO] [stdout] warning: unused imports: `Id`, `Style`, `attributes::IntoAttribute`, `into_attribute_for_grouping_enum`, `into_grouping_union`, `utility_enum`
[INFO] [stdout]  --> src/Accordian.rs:3:5
[INFO] [stdout]   |
[INFO] [stdout] 3 |     attributes::IntoAttribute,
[INFO] [stdout]   |     ^^^^^^^^^^^^^^^^^^^^^^^^^
[INFO] [stdout] 4 |     into_attribute_for_grouping_enum, into_grouping_union,
[INFO] [stdout]   |     ^^^^^^^^^^^^^^^^^^^^^^^^^^^^^^^^  ^^^^^^^^^^^^^^^^^^^
[INFO] [stdout] 5 |     prelude::{Id, Style},
[INFO] [stdout]   |               ^^  ^^^^^
[INFO] [stdout] 6 |     utility_enum,
[INFO] [stdout]   |     ^^^^^^^^^^^^
[INFO] [stdout] 
[INFO] [stdout] 
[INFO] [stdout] error[E0107]: missing generics for struct `Box`
[INFO] [stdout]   --> src/BodyNode.rs:10:13
[INFO] [stdout]    |
[INFO] [stdout] 10 |         Box(Box),
[INFO] [stdout]    |             ^^^ expected at least 1 generic argument
[INFO] [stdout]    |
[INFO] [stdout] help: add missing generic argument
[INFO] [stdout]    |
[INFO] [stdout] 10 |         Box(Box<T>),
[INFO] [stdout]    |                +++
[INFO] [stdout] 
[INFO] [stdout] 
[INFO] [stdout] error[E0107]: missing generics for struct `Box`
[INFO] [stdout]   --> src/BodyNode.rs:10:13
[INFO] [stdout]    |
[INFO] [stdout] 10 |         Box(Box),
[INFO] [stdout]    |             ^^^ expected at least 1 generic argument
[INFO] [stdout]    |
[INFO] [stdout] help: add missing generic argument
[INFO] [stdout]    |
[INFO] [stdout] 10 |         Box(Box<T>),
[INFO] [stdout]    |                +++
[INFO] [stdout] 
[INFO] [stdout] 
[INFO] [stdout] error: aborting due to 19 previous errors; 2 warnings emitted
[INFO] [stdout] 
[INFO] [stdout] 
[INFO] [stdout] Some errors have detailed explanations: E0107, E0412.
[INFO] [stdout] 
[INFO] [stdout] For more information about an error, try `rustc --explain E0107`.
[INFO] [stdout] 
[INFO] [stdout] error: aborting due to 19 previous errors; 2 warnings emitted
[INFO] [stdout] 
[INFO] [stdout] 
[INFO] [stdout] Some errors have detailed explanations: E0107, E0412.
[INFO] [stdout] 
[INFO] [stdout] For more information about an error, try `rustc --explain E0107`.
[INFO] [stdout] 
[INFO] [stderr] error: could not compile `yew-mui` (lib test) due to 20 previous errors; 2 warnings emitted
[INFO] [stderr] warning: build failed, waiting for other jobs to finish...
[INFO] [stderr] error: could not compile `yew-mui` (lib) due to 20 previous errors; 2 warnings emitted
[INFO] running `Command { std: "docker" "inspect" "f8102e15fca829dd43c5da713854fa708b85c21d1ada38d86ff7768d442191a2", kill_on_drop: false }`
[INFO] running `Command { std: "docker" "rm" "-f" "f8102e15fca829dd43c5da713854fa708b85c21d1ada38d86ff7768d442191a2", kill_on_drop: false }`
[INFO] [stdout] f8102e15fca829dd43c5da713854fa708b85c21d1ada38d86ff7768d442191a2
